se
Is 41148521 a prime number?
True
Is 2400143 a composite number?
False
Is 1258339 prime?
False
Is 68024897 prime?
False
Is 69791647 a composite number?
True
Is 5110081 prime?
False
Is 925891 a composite number?
False
Is 129049 composite?
False
Is 700333571 a prime number?
False
Is 92823833 composite?
True
Is 9466003 prime?
True
Is 1125881 prime?
False
Is 13859983 a composite number?
False
Is 6613211 a composite number?
True
Is 143879629 a prime number?
False
Is 9350269 composite?
False
Is 159059 a composite number?
False
Is 14782783 a prime number?
True
Is 24885823 a composite number?
False
Is 952951343 prime?
True
Is 21456163 a composite number?
True
Is 9040585 prime?
False
Is 12743371 a prime number?
False
Is 68981873 composite?
False
Is 1497407 prime?
True
Is 85485611 a prime number?
False
Is 19355041 a composite number?
False
Is 4488839 prime?
True
Is 1433849 a prime number?
True
Is 4528583 prime?
True
Is 9566621 a composite number?
False
Is 21272047 a composite number?
False
Is 5118485 a composite number?
True
Is 53002631 a composite number?
True
Is 61223 a prime number?
True
Is 1486643 a composite number?
True
Is 3741863 composite?
False
Is 150637 prime?
False
Is 69142067 composite?
False
Is 4765478 prime?
False
Is 4898427 a composite number?
True
Is 2994363611 a prime number?
True
Is 44335321 composite?
False
Is 3474661 a composite number?
True
Is 516170569 prime?
False
Is 611069 composite?
False
Is 21345769 a composite number?
True
Is 1127573 prime?
True
Is 23059241 prime?
False
Is 27198409 prime?
False
Is 237687 composite?
True
Is 706171 a composite number?
True
Is 4358513 a composite number?
True
Is 296561894 composite?
True
Is 89017591 composite?
True
Is 14194447 a composite number?
False
Is 54694769 a prime number?
False
Is 149577979 prime?
True
Is 1412891 prime?
False
Is 2095571 a composite number?
False
Is 5575166 prime?
False
Is 635087 a prime number?
True
Is 119675911 a prime number?
False
Is 13578941 a composite number?
False
Is 1072733 composite?
False
Is 1798059 prime?
False
Is 1461827 a composite number?
True
Is 11027053 prime?
True
Is 6438539 a composite number?
False
Is 5250599 a composite number?
True
Is 2161189 prime?
True
Is 90602839 prime?
True
Is 122621789 a prime number?
True
Is 5740646 prime?
False
Is 5951185 prime?
False
Is 1908997 a prime number?
True
Is 1438763 composite?
False
Is 58014266 prime?
False
Is 2329469 prime?
True
Is 29277565 composite?
True
Is 92157703 a prime number?
False
Is 4270589 a prime number?
True
Is 37642453 a composite number?
True
Is 506963 a composite number?
False
Is 767338439 a prime number?
False
Is 1343885 prime?
False
Is 14543597 a composite number?
True
Is 3449329 a prime number?
False
Is 1017450671 prime?
False
Is 27883031 a prime number?
False
Is 9668591 prime?
True
Is 89265953 a prime number?
False
Is 25919863 prime?
True
Is 126147851 composite?
True
Is 255070757 a prime number?
True
Is 56096837 a composite number?
False
Is 4206151 a composite number?
False
Is 15550433 prime?
False
Is 25386757 a prime number?
False
Is 436994067 prime?
False
Is 928143277 composite?
False
Is 3856187 composite?
False
Is 6669617 a prime number?
True
Is 151970147 a composite number?
True
Is 35828311 prime?
False
Is 814521021 prime?
False
Is 212525041 prime?
False
Is 80994013 a prime number?
False
Is 1206287 a prime number?
False
Is 1499959 prime?
False
Is 20748946 a prime number?
False
Is 796139 a prime number?
True
Is 19186093 a composite number?
False
Is 111791063 a prime number?
False
Is 97868627 prime?
True
Is 2666657 composite?
True
Is 8132461 composite?
True
Is 2984351 a composite number?
False
Is 939823 a composite number?
False
Is 971059 prime?
False
Is 6053599 prime?
True
Is 45021133 a prime number?
False
Is 15434479 prime?
False
Is 90583 prime?
True
Is 23397643 prime?
False
Is 13875581 a composite number?
False
Is 71916785 prime?
False
Is 5473343 a composite number?
True
Is 7922923 prime?
True
Is 353698 prime?
False
Is 576917741 composite?
True
Is 425746481 a prime number?
False
Is 5497021 a prime number?
True
Is 72139 composite?
False
Is 193248193 prime?
False
Is 128914085 a prime number?
False
Is 372911399 a composite number?
True
Is 5883967 prime?
True
Is 930299 a composite number?
True
Is 1775219 composite?
False
Is 3711927 prime?
False
Is 14136521 a prime number?
False
Is 334950989 prime?
True
Is 20728403 a composite number?
False
Is 15818191 composite?
True
Is 119872993 composite?
True
Is 1143551 prime?
True
Is 4568269 a composite number?
False
Is 614437 a composite number?
False
Is 104547419 composite?
False
Is 1069021 composite?
True
Is 5720249 a composite number?
False
Is 308445913 prime?
False
Is 84563851 a prime number?
False
Is 14362333 a prime number?
True
Is 3257031 a composite number?
True
Is 3927529 a composite number?
False
Is 18848327 composite?
False
Is 3709907 composite?
False
Is 240903607 a prime number?
False
Is 102967 composite?
False
Is 13677523 a composite number?
False
Is 151558373 prime?
True
Is 1320359 a prime number?
False
Is 13610003 a prime number?
False
Is 3705271 prime?
True
Is 107887693 a composite number?
True
Is 1996053 a prime number?
False
Is 2168539 a prime number?
False
Is 7648163 a composite number?
False
Is 12144313 prime?
True
Is 94999759 prime?
False
Is 454369 prime?
False
Is 443043683 a prime number?
False
Is 1306129 prime?
False
Is 79569059 a prime number?
False
Is 95619 a composite number?
True
Is 179954327 a prime number?
False
Is 2017887 composite?
True
Is 698447 a composite number?
False
Is 13434929 prime?
False
Is 55177847 a prime number?
False
Is 215098579 a prime number?
True
Is 149188922 a composite number?
True
Is 15543394 prime?
False
Is 69754081 prime?
True
Is 8125867 composite?
False
Is 17668501 composite?
True
Is 294783793 prime?
True
Is 2303603 a prime number?
False
Is 85549619 a prime number?
True
Is 66954401 a prime number?
True
Is 12798881 composite?
False
Is 782638429 prime?
True
Is 5114222 a prime number?
False
Is 113947021 a composite number?
False
Is 55681009 composite?
False
Is 1204163 prime?
False
Is 14363269 composite?
True
Is 85183699 composite?
False
Is 558457 prime?
True
Is 1923197 a prime number?
True
Is 49499497 prime?
False
Is 379871 composite?
True
Is 2496457 composite?
True
Is 173665159 a prime number?
True
Is 139466321 composite?
False
Is 2279993 prime?
True
Is 55979839 a prime number?
True
Is 19433881 a composite number?
True
Is 9656033 prime?
False
Is 124427 a prime number?
True
Is 23602795 a prime number?
False
Is 1379237 prime?
True
Is 26134531 a composite number?
True
Is 3780173 a composite number?
True
Is 4780591 prime?
False
Is 2941 a prime number?
False
Is 40796407 a prime number?
True
Is 2301461 prime?
True
Is 84900007 a composite number?
False
Is 19714447 prime?
False
Is 2675557 composite?
False
Is 1919 composite?
True
Is 79379779 composite?
False
Is 90948909 composite?
True
Is 3493571 a composite number?
False
Is 2953513 prime?
False
Is 150707 composite?
False
Is 34949141 composite?
True
Is 5568893 a prime number?
False
Is 131468443 prime?
True
Is 26045769 prime?
False
Is 815957 prime?
False
Is 7968811 composite?
False
Is 36136897 a prime number?
True
Is 5712919 prime?
True
Is 244363477 a composite number?
True
Is 70198801 a prime number?
True
Is 1584797 prime?
True
Is 378599 prime?
False
Is 496591 prime?
False
Is 7413719 a composite number?
True
Is 42751699 a prime number?
True
Is 525546797 a prime number?
True
Is 17307841 prime?
False
Is 6652979 a composite number?
False
Is 32519771 prime?
False
Is 863933 prime?
False
Is 154598833 prime?
False
Is 169502143 composite?
True
Is 14610559 prime?
False
Is 129576809 composite?
False
Is 2030909 a composite number?
False
Is 24907 prime?
True
Is 48559241 a composite number?
False
Is 1983587 composite?
False
Is 333633679 prime?
False
Is 29720683 a composite number?
False
Is 382732783 composite?
False
Is 61700887 a prime number?
True
Is 568297 a prime number?
False
Is 5449498 prime?
False
Is 199490651 composite?
False
Is 552459 prime?
False
Is 70545577 a prime number?
False
Is 413299 a prime number?
True
Is 762926911 a prime number?
True
Is 13987217 composite?
False
Is 126641911 a prime number?
False
Is 713662 a composite number?
True
Is 39618149 a prime n